c. Is c prime?
True
Let p be -21*1*(3 + 14/(-6)). Let c(d) = -d**3 - 13*d**2 + 15*d + 17. Let g be c(p). Suppose 365 = g*w - 3088. Is w a composite number?
False
Let z(b) = 2*b - 2. Let i = 0 + -7. Let g be z(i). Is ((-110)/(-3))/(2 + g/12) a composite number?
True
Let p = 91 + -88. Suppose -z - p*k + 1132 = 0, -2*k + 4563 = 4*z + 3*k. Is z a prime number?
False
Let s(f) = 185*f**2 - 2*f + 21. Let k be s(-8). Let r = 178 + k. Is r prime?
False
Let w(l) = -l - 1. Let b(j) = -72*j + 20. Let p(y) = -b(y) - 5*w(y). Let v(f) = -77*f + 14. Let m(q) = -2*p(q) - 3*v(q). Is m(23) prime?
True
Suppose 2*v + 2*z = 7*v - 248, 5*z = 4*v - 212. Let j = v + -52. Is (-1)/j + (4578/8)/3 composite?
False
Let g(u) be the second derivative of -952*u**3/3 - 147*u**2/2 + 91*u. Is g(-19) a composite number?
True
Suppose -1971920 = -98*h + 18*h. Is h prime?
False
Suppose 28396 = r + 128*t - 123*t, 11*r - 3*t = 312646. Is r prime?
False
Is (-1)/(-3)*(32 - 32) + 16479 + -2 a prime number?
True
Suppose 4*q = 4*d - 646716, -9*d = -11*d + q + 323356. Is d composite?
True
Let k(p) be the second derivative of p**5/20 + p**4/3 + p**3/6 + 749*p**2/2 + 69*p. Is k(0) composite?
True
Let r(b) = 110*b**2 - 6*b - 5. Let g be r(8). Suppose -5*d - 6548 = -5*v + g, -2*d = -4*v + 10834. Suppose -3*o + 875 = 3*p - 745, -v = -5*p + 5*o. Is p prime?
True
Suppose 2606 = 6*v - 7588. Suppose 3*a + b = -106, 3*a - 5*b = 7*a + 134. Let r = v - a. Is r a composite number?
True
Suppose 7*d + d + 8 = 0. Is (d - -740) + 18/(-3) a composite number?
False
Suppose -26 = -4*g - 2*a, -g = g - 2*a + 2. Suppose 3*v = -3*c, -v = g*v + 3*c - 10. Is 15/v + 1 + 1045 prime?
True
Suppose v + 4*j = 20276 + 32849, 3*v - 4*j = 159327. Is v prime?
True
Let q be (-128 + 0)*(-7)/(-56)*8. Is q/(-32) - (-22245 + 4/2) a prime number?
True
Is 5/(6085644/(-1014276) + 6) a composite number?
True
Let o(x) = -60*x - 148. Let n be o(4). Is (n/(-24))/(9/594) a composite number?
True
Suppose 569*a = 546*a + 41459731. Is a composite?
False
Suppose 2*r - 466 = -2*l, -3*r + 19 = l - 680. Suppose 0 = 3*h - 109 - r. Suppose 2*u - f - h = -5*f, 0 = -5*u + f + 329. Is u a prime number?
False
Let w(y) = -8*y - 4. Let n be w(-1). Suppose n*m - 3*x = 2576, 8*m - 2572 = 4*m + 2*x. Is m a composite number?
False
Let f(q) = 10*q**3 - 3*q**2 - 4*q - 12. Let c be f(5). Suppose 0 = -7*n + 170 - c. Let v = 344 + n. Is v composite?
True
Let r(m) = 96*m + 18259. Let o(h) = 142*h + 27388. Let y(j) = 5*o(j) - 7*r(j). Is y(0) prime?
True
Let s be 6*1829619/54 + (6 - 1). Suppose 0 = 7*n + 25*n - s. Is n composite?
False
Let g(q) = -2*q - 2. Let s be g(-3). Let m be -11 - (-23 + 7 - -5). Suppose -1661 = -k + 2*f - m*f, -s*k + f + 6630 = 0. Is k a prime number?
True
Let x = -317 - -319. Suppose -23*k + 18*k - 48828 = -3*a, -81361 = -5*a + x*k. Is a a prime number?
False
Let u = -203 - -203. Suppose 2*g - 5 - 73 = u. Is g composite?
True
Let b = -166 - -146. Let j = 409 + b. Is j a composite number?
False
Is (-17)/(408/(-28192416)) + -3 a composite number?
False
Let k be (-30)/8*272/(-204). Suppose r = -4*j + 3955, -k*r - 17*j + 19743 = -13*j. Is r prime?
True
Let v = 86 + -86. Let f(r) = -21*r**3 - 9 + 5 + v. Is f(-3) a composite number?
False
Suppose 0 = 9*m - 11 - 34. Suppose 4*n = 4*l + 19083 + 1357, -5*n = m*l - 25500. Is n prime?
False
Let x(p) = -4*p**3 + 5*p**2 - 15*p - 11. Let n be x(-9). Suppose -7*i - n + 25992 = 0. Is i composite?
False
Let y be (-1)/(-2)*(8 - 10). Let l be (0 - y - 2)*-5. Suppose -l*c = 5, 0 = 3*b - 0*c + c - 902. Is b a prime number?
False
Let f(a) = 3254*a**2 - 213*a + 1382. Is f(7) a composite number?
False
Let v(c) = -c + 8. Let k be v(6). Is (-5)/(55/k) + (-393414)/(-418) prime?
True
Let o(a) = a**3 + 90*a**2 - 82*a - 2. Is o(-75) a prime number?
True
Let x(z) = 277*z**2 - 57*z - 21. Is x(11) composite?
False
Suppose 0 = 3*b - 2*v - 18, -27 = -12*b + 9*b + 5*v. Suppose 3*i + 3*n = -3, 0*i - b*i - 3*n - 6 = 0. Is 35304/(-16)*14/i a prime number?
False
Let f be 11151 + -1 + (-3 - -6). Let c = -7104 + f. Is c a prime number?
True
Suppose -54*v = -9*v + v - 3851258. Is v a composite number?
True
Let y = -5 - -2. Let d be 16*y/30*-5. Suppose 0 = d*h - 0*h - 1136. Is h prime?
False
Is (254942/6 - 3) + 3/(-9) prime?
True
Suppose -22*r + 456 = -1568. Suppose 0 = 89*f - r*f + 12381. Is f prime?
True
Suppose -4394 = -21*n + 33574. Let m = n + 2879. Is m a composite number?
True
Let p(c) = 1760*c - 19. Let w be p(1). Let d = w + -380. Is d a prime number?
True
Let m(t) = -2*t - t + 316 - 316. Let l be m(-1). Suppose -14*z + l*z = -59939. Is z composite?
False
Let n(m) = 2*m**3 + 327*m**2 - 12*m - 190. Is n(-159) composite?
False
Is (-101553)/(2601/221 - 12) a composite number?
True
Let g be ((-10)/(-12))/(15/90). Let z = 151 - g. Let v = 259 - z. Is v a prime number?
True
Let q(f) = -28814*f + 309. Is q(-1) prime?
True
Suppose -77*f + 6729675 - 4431533 = -7138747. Is f prime?
True
Is ((14/735)/((-14)/(-210)))/(4/1207682) a prime number?
True
Let c(h) = -10*h + 12. Let l(g) = 1. Let v = -26 + 25. Let y(u) = v*c(u) - l(u). Is y(8) a prime number?
True
Let b(m) = -19*m**3 - 3*m**2 + 9*m + 7. Suppose 0 = 3*u - 11 - 142. Let d = u + -54. Is b(d) prime?
False
Let p(y) be the second derivative of y**7/120 + y**6/144 + y**5/30 - 13*y**4/12 - 4*y. Let f(u) be the third derivative of p(u). Is f(-3) a prime number?
False
Let r be 8985/45 + (-1)/(-3). Suppose -15*k = -23*k - r. Is k/150 + (-4183)/(-6) a prime number?
False
Suppose 26*o - 6966693 = -1831953 + 2683486. Is o a prime number?
False
Let t(k) = 0*k + 151*k**2 + 0*k - 17 - 4*k + k. Is t(-7) composite?
True
Let j(x) be the second derivative of -x**5/20 + 3*x**3/2 + 2923*x**2/2 + 56*x. Is j(0) a composite number?
True
Let o = -93042 - -165181. Is o a composite number?
False
Let z = 60 + -55. Suppose -4 = -2*u + s, -z*s + 0 = -10. Suppose 3324 = 15*o - u*o. Is o prime?
True
Let a(j) = j**3 + 9*j**2 - 2*j - 14. Let x be a(-9). Suppose 2*n - x*n - 6 = 0, 197 = f - 2*n. Is f prime?
True
Let q = 13 - 91. Let f = 95 + q. Suppose f*c = 21*c - 424. Is c prime?
False
Let d(l) = 2*l**3 + 41*l**2 - 155*l - 275. Is d(39) a composite number?
False
Is (-4 - -2)*10828230/(-60) a composite number?
True
Let k be 5/((-15)/(-4))*72/32. Suppose -508 = -k*d + 23. Is d prime?
False
Let g(f) = 1. Let k(j) = 17*j - 46. Let r(z) = 6*g(z) + k(z). Let m be (-128)/(-14) - (2 + (-52)/28). Is r(m) a composite number?
False
Let b(z) = 7*z - 65. Let u be b(12). Let o be 3 - 0 - (u - 2)*-159. Suppose 0*p - 2726 = -2*y + p, -2*y - 4*p + o = 0. Is y a composite number?
False
Suppose 27884 = 77*w + 130 - 1044. Let t = -139 + 496. Suppose 5*p - 723 = -2*f, -t - w = -5*p - 4*f. Is p prime?
False
Suppose 0 = -p + i - 7014, 0 = 4*p - 0*p - 3*i + 28060. Suppose -76548 = 604*o - 630*o + 181242. Let d = o + p. Is d prime?
True
Let z(s) = -s**3 - 22*s**2 - 17*s + 39. Let h(v) = v**3 + 17*v**2 + 20*v + 41. Let y be h(-16). Is z(y) prime?
False
Let a = 5 + -3. Suppose -a*m + 1163 = -2939. Is m a prime number?
False
Let f be -5*-1*12/30. Suppose -5*y + f*r = -8611, 2*y + r = 3*y - 1724. Is y a prime number?
True
Suppose 58 + 38 = 12*y. Let o be (-3 - (5 - y)) + 4. Let g(t) = 100*t**2 - 4*t + 13. Is g(o) a prime number?
True
Let n = 47339 + -13498. Is n a composite number?
True
Suppose 0 = 5*l - 4*k - 275, l + 5*k - 8 = 18. Suppose 0*o = o + l. Is (0 - (-26)/6)/((-1)/o) a composite number?
True
Let z be (-10 - -14) + (-2 - -2)/(-1). Suppose 4*t = -4*g + 952, 4*t + 69 + 859 = z*g. Is g composite?
True
Let g be (7/(-14))/((-1)/30). Suppose 36*j - g = 31*j. Is j - (-6528)/14 - (-2)/(-7) a prime number?
False
Let l(t) = -465*t**3 + 4*t**2 - t - 10. Let y be l(-2). Let o = y + 1133. Is o prime?
True
Let u be 2/(8/3) + (-48)/64. Suppose u*l + 4*p + 5 = l, -5*l - 2*p = 19. Is 2/3 + (-138120)/(-45) - l prime?
False
Let v(c) = -4*c - 25. Let y be v(-8). Suppose -u + y - 4 = 0. Suppose -u*j - 3925 = -8*j. Is j composite?
True
Is 1/((5*(64/16040)/4)/454) composite?
True
Let l be (-9 + 23)*1702/(-4). Let c = l - -13070. Is c composite?
True
Let g(l) be the second derivative of -3*l**5/5 + l**4/3 - 4*l**3/3 + 3*l**2/2 - 28*l. Is g(-6) prime?
False
Suppose -3*x - 10 = -5*g, -3*g - 2*x + 6 = -0*x. Let j be g/((-1980)/991 - -2). Let l = -324